at is the remainder when 277 is divided by 35?
32
What is the remainder when 717 is divided by 171?
33
Calculate the remainder when 491 is divided by 163.
2
What is the remainder when 644 is divided by 13?
7
What is the remainder when 8988 is divided by 89?
88
What is the remainder when 135 is divided by 23?
20
Calculate the remainder when 435 is divided by 75.
60
What is the remainder when 171 is divided by 6?
3
What is the remainder when 172 is divided by 50?
22
What is the remainder when 159 is divided by 41?
36
What is the remainder when 22 is divided by 5?
2
What is the remainder when 425 is divided by 60?
5
Calculate the remainder when 213 is divided by 94.
25
What is the remainder when 81 is divided by 6?
3
Calculate the remainder when 1306 is divided by 18.
10
What is the remainder when 646 is divided by 59?
56
What is the remainder when 760 is divided by 85?
80
What is the remainder when 690 is divided by 37?
24
Calculate the remainder when 1058 is divided by 18.
14
What is the remainder when 277 is divided by 10?
7
What is the remainder when 71 is divided by 13?
6
Calculate the remainder when 257 is divided by 43.
42
What is the remainder when 42 is divided by 23?
19
Calculate the remainder when 68 is divided by 36.
32
Calculate the remainder when 8891 is divided by 41.
35
What is the remainder when 92 is divided by 34?
24
Calculate the remainder when 29 is divided by 13.
3
What is the remainder when 526 is divided by 180?
166
What is the remainder when 142 is divided by 53?
36
What is the remainder when 224 is divided by 81?
62
What is the remainder when 247 is divided by 25?
22
Calculate the remainder when 237 is divided by 16.
13
What is the remainder when 223 is divided by 32?
31
Calculate the remainder when 5202 is divided by 124.
118
Calculate the remainder when 416 is divided by 70.
66
What is the remainder when 1049 is divided by 125?
49
Calculate the remainder when 181 is divided by 114.
67
What is the remainder when 1334 is divided by 41?
22
What is the remainder when 215 is divided by 98?
19
Calculate the remainder when 2540 is divided by 22.
10
What is the remainder when 998 is divided by 20?
18
Calculate the remainder when 1472 is divided by 82.
78
What is the remainder when 936 is divided by 69?
39
Calculate the remainder when 17232 is divided by 14.
12
What is the remainder when 505 is divided by 127?
124
Calculate the remainder when 3317 is divided by 254.
15
What is the remainder when 78 is divided by 59?
19
What is the remainder when 258 is divided by 43?
0
Calculate the remainder when 103 is divided by 18.
13
Calculate the remainder when 112 is divided by 25.
12
What is the remainder when 30 is divided by 11?
8
What is the remainder when 165 is divided by 7?
4
Calculate the remainder when 53 is divided by 7.
4
What is the remainder when 102 is divided by 27?
21
Calculate the remainder when 818 is divided by 207.
197
What is the remainder when 368 is divided by 29?
20
Calculate the remainder when 2043 is divided by 128.
123
What is the remainder when 53 is divided by 30?
23
Calculate the remainder when 130 is divided by 127.
3
Calculate the remainder when 4199 is divided by 28.
27
What is the remainder when 539 is divided by 107?
4
What is the remainder when 61 is divided by 7?
5
Calculate the remainder when 2193 is divided by 545.
13
Calculate the remainder when 545 is divided by 67.
9
Calculate the remainder when 833 is divided by 118.
7
Calculate the remainder when 359 is divided by 8.
7
Calculate the remainder when 503 is divided by 11.
8
Calculate the remainder when 842 is divided by 18.
14
Calculate the remainder when 132 is divided by 45.
42
What is the remainder when 7332 is divided by 29?
24
What is the remainder when 1002 is divided by 59?
58
Calculate the remainder when 152 is divided by 37.
4
What is the remainder when 1139 is divided by 57?
56
Calculate the remainder when 1273 is divided by 44.
41
Calculate the remainder when 86 is divided by 45.
41
Calculate the remainder when 51797 is divided by 267.
266
What is the remainder when 1063 is divided by 151?
6
Calculate the remainder when 1376 is divided by 5.
1
Calculate the remainder when 436 is divided by 73.
71
Calculate the remainder when 75 is divided by 21.
12
What is the remainder when 225 is divided by 219?
6
Calculate the remainder when 154 is divided by 73.
8
What is the remainder when 1228 is divided by 169?
45
What is the remainder when 6397 is divided by 97?
92
Calculate the remainder when 136 is divided by 13.
6
Calculate the remainder when 76 is divided by 36.
4
What is the remainder when 635 is divided by 156?
11
Calculate the remainder when 700 is divided by 243.
214
Calculate the remainder when 3177 is divided by 633.
12
What is the remainder when 11241 is divided by 14?
13
Calculate the remainder when 47 is divided by 27.
20
Calculate the remainder when 39 is divided by 10.
9
Calculate the remainder when 603 is divided by 354.
249
Calculate the remainder when 69 is divided by 32.
5
Calculate the remainder when 343 is divided by 67.
8
Calculate the remainder when 67 is divided by 25.
17
Calculate the remainder when 438 is divided by 10.
8
Calculate the remainder when 355 is divided by 24.
19
What is the remainder when 217 is divided by 60?
37
Calculate the remainder when 1285 is divided by 33.
31
What is the remainder when 39 is divided by 20?
19
Calculate the remainder when 120 is divided by 71.
49
What is the remainder when 3547 is divided by 169?
167
What is the remainder when 508 is divided by 82?
16
What is the remainder when 280 is divided by 10?
0
Calculate the remainder when 564 is divided by 81.
78
What is the remainder when 636 is divided by 105?
6
What is the remainder when 3357 is divided by 112?
109
Calculate the remainder when 249 is divided by 9.
6
Calculate the remainder when 4939 is divided by 9.
7
Calculate the remainder when 776 is divided by 246.
38
What is the remainder when 67 is divided by 25?
17
Calculate the remainder when 132 is divided by 60.
12
Calculate the remainder when 125 is divided by 44.
37
Calculate the remainder when 19 is divided by 14.
5
Calculate the remainder when 406 is divided by 197.
12
What is the remainder when 682 is divided by 76?
74
Calculate the remainder when 484 is divided by 160.
4
Calculate the remainder when 314 is divided by 104.
2
What is the remainder when 1216 is divided by 35?
26
What is the remainder when 365 is divided by 74?
69
What is the remainder when 1065 is divided by 41?
40
What is the remainder when 1720 is divided by 293?
255
What is the remainder when 8814 is divided by 152?
150
What is the remainder when 69 is divided by 22?
3
What is the remainder when 1621 is divided by 8?
5
What is the remainder when 118 is divided by 3?
1
What is the remainder when 198 is divided by 64?
6
What is the remainder when 46 is divided by 9?
1
What is the remainder when 300 is divided by 41?
13
What is the remainder when 745 is divided by 22?
19
Calculate the remainder when 777 is divided by 98.
91
What is the remainder when 7332 is divided by 9?
6
What is the remainder when 9857 is divided by 58?
55
Calculate the remainder when 444 is divided by 106.
20
Calculate the remainder when 12984 is divided by 27.
24
What is the remainder when 919 is divided by 46?
45
Calculate the remainder when 2120 is divided by 58.
32
What is the remainder when 376 is divided by 76?
72
Calculate the remainder when 13 is divided by 4.
1
What is the remainder when 597 is divided by 44?
25
What is the remainder when 69 is divided by 37?
32
Calculate the remainder when 1127 is divided by 81.
74
Calculate the remainder when 44 is divided by 17.
10
What is the remainder when 15 is divided by 11?
4
Calculate the remainder when 868 is divided by 10.
8
What is the remainder when 60 is divided by 10?
0
Calculate the remainder when 6783 is divided by 212.
211
Calculate the remainder when 8304 is divided by 117.
114
What is the remainder when 14790 is divided by 172?
170
Calculate the remainder when 124 is divided by 14.
12
What is the remainder when 181 is divided by 39?
25
What is the remainder when 240 is divided by 24?
0
Calculate the remainder when 1118 is divided by 10.
8
Calculate the remainder when 429 i